-5*m + 24. Let c(k) = k**3 + k**2 - 2. Calculate c(a).
-6
Let h(x) = 8*x - 15. Let j(k) = -9*k + 16. Let c(g) = -6*h(g) - 5*j(g). Give c(6).
-8
Let d(k) be the first derivative of k**3/3 + 15*k**2/2 + 15*k - 471. Give d(-14).
1
Suppose -4*p + 0 = -20. Suppose 2*i = i - p*a + 28, -2 = i - a. Let r(u) = 5*u. Determine r(i).
15
Let h = 45 + -38. Let t(n) = 3*n - 5 - 8*n + h*n + 0*n. Determine t(5).
5
Let p(l) = -l**2 - 6*l - 5. Let k be 7*3/63 + (-70)/21. Calculate p(k).
4
Let v(o) = -o**2. Let h(x) = -x**3 + 4*x**2 - x + 2. Let p(m) = -h(m) - 3*v(m). Let n(z) = z**2 + z**2 + 2*z**2 + 4*z - 5*z**2 + 2. Let w be n(4). Give p(w).
4
Let h(j) = -13*j**2 + 16*j + 5. Let x be 7 + -4 - -1 - -2. Let l(p) = 7*p**2 - 8*p - 3. Let t(b) = x*h(b) + 11*l(b). Calculate t(6).
9
Let b(c) = -46 + 147 - 53 + c**2 + c - 73. Determine b(-6).
5
Let b(u) = -4*u - 13. Let m(g) = g + 3. Let n(h) = 2*b(h) + 9*m(h). Suppose 16*l = 15*l + 2. Suppose l*y + 5 = 2*k + 19, -2*y + 18 = -4*k. Determine n(y).
6
Let l(y) be the third derivative of -y**6/120 + 7*y**5/60 + y**4/3 - 2*y**3 - 18*y**2. Determine l(8).
-12
Let u(l) = -l**3 - 5*l**2 - 3*l + 1. Let d(h) = -h**2 - 20*h - 14. Let a be d(-19). Let i be 3/(-1) + a + -5. Calculate u(i).
-8
Let y(b) be the second derivative of 1/6*b**3 - 3*b**2 + 0 + 7/12*b**4 + 9*b - 1/20*b**5. What is y(7)?
1
Let l(w) be the second derivative of 0 - 1/3*w**3 - 2*w**2 - 10*w. Determine l(-4).
4
Let d(b) be the first derivative of 9 + 0*b + 1/2*b**2 - 10/3*b**3. Calculate d(1).
-9
Let m(l) be the third derivative of 2*l**7/315 - l**5/120 + 3*l**4/4 - 24*l**2. Let x(b) be the second derivative of m(b). What is x(-1)?
15
Suppose -4*k = -j - 5, -5*j - 5*k + 13 = -7*j. Let t(g) = -2*g**2 - 17*g + 5. Calculate t(j).
-4
Let j(o) = -o**3 - o**2 - o. Let c(q) = 2*q**3 - 4*q**2 + 5*q + 20. Let g(k) = -c(k) - 3*j(k). Calculate g(-7).
-6
Suppose -3*d = -32 + 2. Let t(b) = 2*b - 2 + d*b**2 + 3 - 8*b**2. Let z be 7 + -5 + (2 - 2). Give t(z).
13
Let r(h) = h**3 - 3*h**2. Let z(l) = -l**3 - 12*l**2 + 13*l - 2. Let s be z(-13). Let t be (2 - (s + 7))/(-1)*1. Determine r(t).
0
Let c(y) = -y**3 + 6*y**2 + 8*y - 2. Let w be c(7). Let r(v) = -4 + 5 + w + 0*v - 2*v. Give r(6).
-6
Let b(t) be the second derivative of -t**5/20 + 7*t**4/12 + 7*t**3/6 + 11*t**2/2 - 53*t. Give b(8).
3
Let s be 1/3*(-15 + 6). Let i = -6 - s. Let y(g) = -2*g + g**2 + 1 - 3*g + 3*g + 6*g. Calculate y(i).
-2
Let r(j) = -j**3 + 7*j**2 - 9*j + 9. Let c be r(6). Let m(w) be the third derivative of w**5/60 + 3*w**4/8 - w**3/2 - 4*w**2 - 19. What is m(c)?
-3
Let b = -159 - -165. Suppose 5*n - 9 = 2*m, -5*n - 4 = 3*m - 3. Let k(p) = 0 - p + 4 + 3 - n. Calculate k(b).
0
Let k be ((-1)/2*28)/(-2). Let s(g) = g - 1. Determine s(k).
6
Let l(d) = d**3 - d - 2. Let r be l(2). Let a(n) = -2*n + 154 - r*n**2 - 158 - n**3 + 0*n**2. What is a(-4)?
4
Let b(a) = -a + 5. Let n be b(0). Suppose -13 = -3*q - 10. Let o(i) = -6*i + 0 - 5*i**2 + 6*i**2 + q. Give o(n).
-4
Let z(m) = -4*m + 3. Let v be (-1)/(-2)*110/11. What is z(v)?
-17
Let l(h) = -h**2 - 7*h + 11. Let n be l(-8). Let m(q) = 3*q - q**n + 27 - 11 - 15. What is m(-2)?
3
Let o = 30 + -27. Let v(t) = t**o + t**2 - 7*t**2 + 6*t + 10 - 6. Determine v(5).
9
Let z(q) = -q**3 - 6*q**2 + 5. Let b be 4/(-6) - 87/(-9). Suppose -4*h = b + 15. Determine z(h).
5
Let y(p) be the first derivative of 5*p**2 + 3*p - 120. Calculate y(-4).
-37
Let n = -5 - -7. Let k(c) be the first derivative of -2*c - 2/3*c**3 - 13 + 1/2*c**2. Give k(n).
-8
Let o(p) = 145*p**2 + 1 + 134*p**2 - 280*p**2 - p**3 + 3*p. Determine o(0).
1
Suppose 2*u - 5*y - 6 = 0, 2*y - 5*y = 12. Let s(o) = o**2 + 10*o + 8. Calculate s(u).
-13
Let r(t) = t**3 - 6*t**2 - 7*t - 7. Let g = 6 + 13. Suppose 0 = -6*j + g + 23. Calculate r(j).
-7
Let i(y) be the first derivative of 3*y**2/2 - 4*y + 434. Determine i(5).
11
Let p(b) = -4 + 6*b - 2*b + 5 - 2*b. Let i(z) = -z**3 - 3*z**2 + z + 2. Let j be i(-3). Calculate p(j).
-1
Let t = -14 - -10. Let v(j) = j + 8. Let x(o) = -2*o - 15. Let g(f) = -5*v(f) - 3*x(f). Calculate g(t).
1
Let w(r) = 5*r + 0 + 3*r**3 - 2*r**3 + 4 - 6*r**2. Suppose -3*n + 12 = 4*o - 27, 0 = 5*n + 4*o - 49. Calculate w(n).
4
Let x(w) = 9 + w**2 + 117*w + 115*w - 348*w + 108*w. Determine x(13).
74
Let d be (-3)/(-6)*(-20)/(-2). Let m(s) be the third derivative of 0 + 2*s**2 + 1/2*s**3 + 0*s - 1/24*s**4. Calculate m(d).
-2
Let u(d) = 6*d + 4. Let x(v) = -v + 1. Let a(y) = -u(y) - 4*x(y). Give a(-9).
10
Let g(t) = t**3 - 2*t**2 + 4*t - 2. Let c be g(2). Let x(n) = -11*n + 5. Let m(u) = -5*u + 3. Let l(h) = 5*m(h) - 2*x(h). What is l(c)?
-13
Let f(c) = -c + 7. Suppose -12 = -4*u + 4*t, -1 = 2*u + 5*t - 0. Let q be u - ((3 - 3) + -1). Suppose 5*x = -n + 6, q*n - 2*n - 3*x - 6 = 0. Determine f(n).
1
Let x(u) = -u - 1. Let a be x(-8). Let y(i) = i**3 - 6*i**2 - 4*i - 8. Give y(a).
13
Let p = -77 - -85. Let c(d) = -d**3 + 9*d**2 - 10*d + 11. Give c(p).
-5
Let o(a) = a**3 - 9*a**2 + 7. Let v be o(9). Let f(t) = 813 - 807 + 2*t - 3*t. Determine f(v).
-1
Let h(o) = o + 3 - 1 + 0*o - 1. Let n(i) = i**2 + 6*i + 7. Let a(s) = -4*h(s) + n(s). Give a(-3).
6
Let k(p) be the first derivative of 3*p**2/2 - 5*p + 90. Calculate k(6).
13
Let v(m) = 15*m**2 - 4*m + 3. Let r = 1175 - 1174. Determine v(r).
14
Let d(m) = -24 - 1261*m + 635*m - m**2 + 627*m. Give d(0).
-24
Suppose 0 = -2*a + 5*s + 1, -3*a + 0*s - s = -27. Let w be -4*(a/(-4))/2. Let f(l) = -2*l**2 + 6*l - 2*l + 7 - w + 2. What is f(4)?
-11
Let n(c) = -c**2 + 2*c + 7*c + 0*c - c + 6. Suppose 2*d + 2*w = 6, -5*d + 17 = 2*w - 13. Determine n(d).
6
Let m(d) be the first derivative of 13/2*d**4 + 0*d + 1/2*d**2 - 6 - 1/3*d**3. Give m(1).
26
Let t = 3 + -10. Let f(q) = -11 + 3 + 5*q - 2 - 6*q. What is f(t)?
-3
Let p(g) be the second derivative of -g**4/8 - g**3/6 + 7*g**2 + 8*g. Let j(a) be the first derivative of p(a). Determine j(-6).
17
Suppose 0 = -9*n + n + 32. Let o(f) be the first derivative of -f**3/3 - f**2/2 + 3*f + 5. Calculate o(n).
-17
Let j = 5 - 4. Let k(v) be the second derivative of -13*v**4/12 + v**3/6 - v**2/2 + 27*v. What is k(j)?
-13
Let d(m) = 0*m + m - 5*m - m**3 - 1 + m. Let o(j) = -j**3 - 5*j - 2. Let f(n) = 4*d(n) - 3*o(n). Let q = 2 + -4. Determine f(q).
4
Let g(f) = f**3 - 7*f**2 + 8*f - 9. Let m be -8 - -7 - -19*1. Let x = m + -16. Suppose x*d + d = 18. Determine g(d).
3
Let i(c) = c**3 - 3*c - 2. Let g be 2*(-9 - 102/(-12)). What is i(g)?
0
Let d(g) = -7*g**2 + 1. Let i be d(1). Let j(w) = -5*w**3 - 5*w**2 - 4*w - 9. Let l(a) = a**3 + a + 1. Let o(f) = i*l(f) - j(f). Determine o(4).
11
Suppose s - 28 = -5*x - 3, 1 = 4*x - 3*s. Let f(j) = -72*j**3 + 21*j - 22*j + 4 + 5*j**2 + 71*j**3. Determine f(x).
16
Let v(r) = r**3 - 10*r**2 + 20*r + 10. Suppose -31*o + 120 = -97. Give v(o).
3
Let c(v) = 9*v - 63. Let f(i) = 3*i - 21. Let s(d) = -4*c(d) + 14*f(d). Determine s(7).
0
Let x(r) = -15*r**3 - 57*r**2 - 46*r + 48. Let y(a) = 7*a**3 + 27*a**2 + 22*a - 24. Let j(q) = 6*x(q) + 13*y(q). Calculate j(-7).
4
Suppose -5 = -3*m - 8. Suppose 12 = 15*n - 11*n. Let i(f) = -1760 - 4*f**n - f**2 + 1760. Calculate i(m).
3
Let n(y) = -6*y**2 + 9*y**2 + 7*y - 11*y**2 + y**3 - 8. Suppose 2*d + 2 - 6 = -2*b, 4*d - 43 = 3*b. Give n(d).
-8
Suppose 5*l + 2 = -3. Let n be l - -1 - 2*-1. Let d(s) be the first derivative of -2*s**2 + s + 240. Give d(n).
-7
Let x be 1/(13/52 - 39/108). Let q(d) = -d**2 - 13*d - 8. Determine q(x).
28
Let d(v) = -3*v - 45. Let z(c) = c**3 - 14*c**2 + 19*c - 78. Let o be z(13). What is d(o)?
-45
Suppose -j + 2*j + 75 = 3*u, 0 = 5*u - j - 123. Suppose -u = 5*b - 29. Let x(s) = s + 1. Give x(b).
2
Suppose 55*w - 49*w + 660 = 0. Let l = 113 + w. Let m(v) be the first derivative of 3*v**2/2 + 3*v + 1. Give m(l).
12
Let q be ((-69)/9 + 8)*0. Let u(a) = -a**2 - a - 6. What is u(q)?
-6
Suppose 5*g - 5*y - 5 = 0, 5*g - 4*y + 8 = 11. Let q(f) = 16*f**2 + 1. What is q(g)?
17
Suppose -3*g + 2*z - 58 = 0, 0 = -2*g + 5*z - 0*z - 57. Let s(c) = c + 19. Let u be s(g). Let j(y) = -y**2 + 3*y - 4. Determine j(u).
-4
Suppose -5*m + 7 + 14 = r, 16 = -4*r. Let h be m/((-5)/3) + 0. Let b(w) = -3*w**2 - 2*w + 4. Let t(q) = q**2 - q. Let a(l) = b(l) + 2*t(l). Calculate a(h).
7
Let a(b) = -9*b - 6. Suppose 3*z + 40 = -6*x + 2*x, -5*x - 43 = 2*z